{"id":362,"date":"2024-04-04T17:07:37","date_gmt":"2024-04-04T15:07:37","guid":{"rendered":"http:\/\/psychologue-gradignan.com\/?page_id=362"},"modified":"2024-04-06T15:53:35","modified_gmt":"2024-04-06T13:53:35","slug":"teleconsultation","status":"publish","type":"page","link":"https:\/\/psychologue-gradignan.com\/index.php\/teleconsultation\/","title":{"rendered":"T\u00e9l\u00e9consultation"},"content":{"rendered":"\n<p>Toutes les probl\u00e9matiques peuvent \u00eatre prises en charge en t\u00e9l\u00e9consultation aussi efficacement qu&rsquo;en pr\u00e9sentiel. Outre l&rsquo;aspect pratique, la t\u00e9l\u00e9consultation permet \u00e0 certaines personnes d&rsquo;aborder plus facilement les \u00e9v\u00e9nements traumatiques car <strong>elles se sentent plus en s\u00e9curit\u00e9 chez elles.<\/strong><\/p>\n\n\n\n<p>Pour prendre RDV en t\u00e9l\u00e9consultation, il vous suffit de s\u00e9lectionner ce motif dans le module de prise de rendez-vous.<\/p>\n\n\n\n<p>J&rsquo;utilise le logiciel Zoom et je vous envoie un lien de connexion permanent par mail.<\/p>\n\n\n\n<p>Le r\u00e8glement se fait par application de paiement si vous en disposez (Paylib etc.) ou par virement bancaire via mon RIB.<\/p>\n","protected":false},"excerpt":{"rendered":"<p>Toutes les probl\u00e9matiques peuvent \u00eatre prises en charge en t\u00e9l\u00e9consultation aussi efficacement qu&rsquo;en pr\u00e9sentiel. Outre l&rsquo;aspect pratique, la t\u00e9l\u00e9consultation permet \u00e0 certaines personnes d&rsquo;aborder plus facilement les \u00e9v\u00e9nements traumatiques car elles se sentent plus en s\u00e9curit\u00e9 chez elles. Pour prendre RDV en t\u00e9l\u00e9consultation, il vous suffit de s\u00e9lectionner ce motif dans le module de prise &hellip; <a href=\"https:\/\/psychologue-gradignan.com\/index.php\/teleconsultation\/\" class=\"more-link\">Continuer la lecture de <span class=\"screen-reader-text\">T\u00e9l\u00e9consultation<\/span> <span class=\"meta-nav\">&rarr;<\/span><\/a><\/p>\n","protected":false},"author":1,"featured_media":0,"parent":0,"menu_order":0,"comment_status":"closed","ping_status":"closed","template":"","meta":{"footnotes":""},"class_list":["post-362","page","type-page","status-publish","hentry"],"_links":{"self":[{"href":"https:\/\/psychologue-gradignan.com\/index.php\/wp-json\/wp\/v2\/pages\/362","targetHints":{"allow":["GET"]}}],"collection":[{"href":"https:\/\/psychologue-gradignan.com\/index.php\/wp-json\/wp\/v2\/pages"}],"about":[{"href":"https:\/\/psychologue-gradignan.com\/index.php\/wp-json\/wp\/v2\/types\/page"}],"author":[{"embeddable":true,"href":"https:\/\/psychologue-gradignan.com\/index.php\/wp-json\/wp\/v2\/users\/1"}],"replies":[{"embeddable":true,"href":"https:\/\/psychologue-gradignan.com\/index.php\/wp-json\/wp\/v2\/comments?post=362"}],"version-history":[{"count":2,"href":"https:\/\/psychologue-gradignan.com\/index.php\/wp-json\/wp\/v2\/pages\/362\/revisions"}],"predecessor-version":[{"id":380,"href":"https:\/\/psychologue-gradignan.com\/index.php\/wp-json\/wp\/v2\/pages\/362\/revisions\/380"}],"wp:attachment":[{"href":"https:\/\/psychologue-gradignan.com\/index.php\/wp-json\/wp\/v2\/media?parent=362"}],"curies":[{"name":"wp","href":"https:\/\/api.w.org\/{rel}","templated":true}]}}